hen 157483 is divided by 532.
11
Calculate the remainder when 2159179 is divided by 202.
1
What is the remainder when 98807 is divided by 241?
238
What is the remainder when 1053 is divided by 71?
59
What is the remainder when 38955 is divided by 1498?
7
What is the remainder when 44351 is divided by 83?
29
Calculate the remainder when 7809 is divided by 1543.
94
What is the remainder when 2870 is divided by 236?
38
Calculate the remainder when 8976 is divided by 67.
65
What is the remainder when 9588 is divided by 3177?
57
Calculate the remainder when 587663 is divided by 56.
55
Calculate the remainder when 1155 is divided by 10.
5
Calculate the remainder when 16420 is divided by 8.
4
What is the remainder when 6335 is divided by 1432?
607
Calculate the remainder when 88907 is divided by 276.
35
What is the remainder when 166776 is divided by 27796?
0
What is the remainder when 112357 is divided by 1655?
1472
What is the remainder when 108148 is divided by 3862?
12
What is the remainder when 73962 is divided by 2739?
9
What is the remainder when 14231 is divided by 1770?
71
What is the remainder when 582335 is divided by 432?
431
Calculate the remainder when 187495 is divided by 1894.
1883
What is the remainder when 771424 is divided by 295?
294
What is the remainder when 4488 is divided by 265?
248
Calculate the remainder when 1147 is divided by 81.
13
Calculate the remainder when 16463 is divided by 232.
223
Calculate the remainder when 2833 is divided by 269.
143
What is the remainder when 1289 is divided by 720?
569
What is the remainder when 40487 is divided by 709?
74
What is the remainder when 18393 is divided by 968?
1
What is the remainder when 73053 is divided by 87?
60
Calculate the remainder when 6470 is divided by 6465.
5
Calculate the remainder when 78935 is divided by 59.
52
Calculate the remainder when 17237 is divided by 8611.
15
What is the remainder when 3040 is divided by 2766?
274
Calculate the remainder when 1608 is divided by 495.
123
What is the remainder when 44245 is divided by 46?
39
What is the remainder when 3577 is divided by 93?
43
Calculate the remainder when 2772 is divided by 352.
308
Calculate the remainder when 11471 is divided by 478.
477
Calculate the remainder when 8133 is divided by 8108.
25
What is the remainder when 62538 is divided by 236?
234
Calculate the remainder when 19313 is divided by 168.
161
Calculate the remainder when 2962 is divided by 2879.
83
Calculate the remainder when 1579 is divided by 312.
19
Calculate the remainder when 7536 is divided by 1876.
32
What is the remainder when 24941 is divided by 809?
671
Calculate the remainder when 18458 is divided by 21.
20
Calculate the remainder when 33578 is divided by 4197.
2
What is the remainder when 1547 is divided by 284?
127
What is the remainder when 19721 is divided by 86?
27
What is the remainder when 26805 is divided by 8921?
42
Calculate the remainder when 73662 is divided by 14729.
17
What is the remainder when 4138 is divided by 51?
7
Calculate the remainder when 1049 is divided by 122.
73
What is the remainder when 18690 is divided by 9340?
10
Calculate the remainder when 8919 is divided by 254.
29
Calculate the remainder when 31922 is divided by 85.
47
Calculate the remainder when 6914 is divided by 3430.
54
Calculate the remainder when 29005 is divided by 4140.
25
What is the remainder when 2908 is divided by 226?
196
Calculate the remainder when 246308 is divided by 523.
498
Calculate the remainder when 3996 is divided by 116.
52
What is the remainder when 358866 is divided by 179420?
26
Calculate the remainder when 7037 is divided by 160.
157
Calculate the remainder when 112718 is divided by 1464.
1454
Calculate the remainder when 48058 is divided by 18.
16
Calculate the remainder when 150652 is divided by 7.
5
What is the remainder when 46994 is divided by 73?
55
What is the remainder when 37309 is divided by 229?
211
What is the remainder when 308593 is divided by 254?
237
What is the remainder when 1238 is divided by 15?
8
Calculate the remainder when 553 is divided by 298.
255
What is the remainder when 244458 is divided by 68?
66
What is the remainder when 1940 is divided by 1890?
50
What is the remainder when 6723 is divided by 349?
92
Calculate the remainder when 25381 is divided by 1208.
13
What is the remainder when 469 is divided by 288?
181
What is the remainder when 969767 is divided by 33?
29
What is the remainder when 7299 is divided by 37?
10
Calculate the remainder when 175449 is divided by 2580.
9
What is the remainder when 86507 is divided by 99?
80
Calculate the remainder when 49267 is divided by 748.
647
What is the remainder when 137054 is divided by 291?
284
Calculate the remainder when 10275 is divided by 2564.
19
Calculate the remainder when 108778 is divided by 218.
214
Calculate the remainder when 94718 is divided by 101.
81
What is the remainder when 40805 is divided by 82?
51
What is the remainder when 9134 is divided by 136?
22
Calculate the remainder when 1181 is divided by 419.
343
What is the remainder when 52029 is divided by 66?
21
Calculate the remainder when 36482 is divided by 1013.
14
Calculate the remainder when 179590 is divided by 28.
26
What is the remainder when 196821 is divided by 118?
115
Calculate the remainder when 32234 is divided by 10726.
56
Calculate the remainder when 3991 is divided by 795.
16
What is the remainder when 48201 is divided by 11?
10
Calculate the remainder when 85617 is divided by 80.
17
What is the remainder when 13592 is divided by 261?
20
Calculate the remainder when 714007 is divided by 376.
359
Calculate the remainder when 4411 is divided by 2119.
173
Calculate the remainder when 20670 is divided by 516.
30
Calculate the remainder when 1834 is divided by 1350.
484
What is the remainder when 4069 is divided by 74?
73
Calculate the remainder when 120322 is divided by 78.
46
What is the remainder when 8998 is divided by 8811?
187
Calculate the remainder when 5551 is divided by 908.
103
What is the remainder when 21561 is divided by 567?
15
What is the remainder when 102704 is divided by 271?
266
What is the remainder when 21976 is divided by 183?
16
What is the remainder when 67984 is divided by 2052?
268
What is the remainder when 17483 is divided by 57?
41
What is the remainder when 16214 is divided by 368?
22
Calculate the remainder when 2415413 is divided by 35.
28
Calculate the remainder when 19997 is divided by 266.
47
Calculate the remainder when 1609 is divided by 3.
1
What is the remainder when 12597 is divided by 200?
197
Calculate the remainder when 16800 is divided by 399.
42
What is the remainder when 4818 is divided by 4796?
22
What is the remainder when 37793 is divided by 73?
52
What is the remainder when 196826 is divided by 800?
26
What is the remainder when 52329 is divided by 26092?
145
Calculate the remainder when 2802 is divided by 10.
2
Calculate the remainder when 10933 is divided by 118.
77
What is the remainder when 881723 is divided by 125960?
3
Calculate the remainder when 86181 is divided by 378.
375
What is the remainder when 32328 is divided by 147?
135
Calculate the remainder when 1374141 is divided by 64.
61
What is the remainder when 1735623 is divided by 326?
325
Calculate the remainder when 2142 is divided by 206.
82
What is the remainder when 12437 is divided by 4131?
44
Calculate the remainder when 3171 is divided by 23.
20
Calculate the remainder when 1043398 is divided by 1410.
1408
What is the remainder when 2218 is divided by 135?
58
What is the remainder when 6505297 is divided by 27?
25
What is the remainder when 260331 is divided by 54?
51
What is the remainder when 848 is divided by 631?
217
Calculate the remainder when 26399 is divided by 194.
15
What is the remainder when 28042 is divided by 16?
10
What is the remainder when 27672 is divided by 16?
8
Calculate the remainder when 10196 is divided by 154.
32
Calculate the remainder when 1493 is divided by 54.
35
Calculate the remainder when 2218 is divided by 77.
62
Calculate the remainder when 1844 is divided by 74.
68
Calculate the remainder when 2706494 is divided by 104.
102
Calculate the remainder when 73923 is divided by 320.
3
What is the remainder wh